?
3
What is the tens digit of 6482?
8
What is the tens digit of 65088?
8
What is the thousands digit of 3570?
3
What is the thousands digit of 2399?
2
What is the tens digit of 1328?
2
What is the units digit of 317?
7
What is the units digit of 21844?
4
What is the hundreds digit of 626?
6
What is the units digit of 272?
2
What is the hundreds digit of 13725?
7
What is the hundreds digit of 970?
9
What is the units digit of 30424?
4
What is the tens digit of 19431?
3
What is the tens digit of 52723?
2
What is the units digit of 1952?
2
What is the thousands digit of 60145?
0
What is the tens digit of 67109?
0
What is the hundreds digit of 86876?
8
What is the tens digit of 11498?
9
What is the tens digit of 290?
9
What is the hundreds digit of 1690?
6
What is the units digit of 950?
0
What is the units digit of 11?
1
What is the units digit of 76?
6
What is the hundreds digit of 18374?
3
What is the thousands digit of 3421?
3
What is the tens digit of 13923?
2
What is the units digit of 34788?
8
What is the thousands digit of 13389?
3
What is the tens digit of 106?
0
What is the tens digit of 5043?
4
What is the thousands digit of 3654?
3
What is the thousands digit of 3404?
3
What is the tens digit of 904?
0
What is the hundreds digit of 1428?
4
What is the tens digit of 4445?
4
What is the units digit of 1395?
5
What is the thousands digit of 3801?
3
What is the hundreds digit of 999?
9
What is the thousands digit of 1936?
1
What is the thousands digit of 3022?
3
What is the tens digit of 8993?
9
What is the hundreds digit of 4103?
1
What is the units digit of 3803?
3
What is the tens digit of 2114?
1
What is the tens digit of 7095?
9
What is the hundreds digit of 7811?
8
What is the ten thousands digit of 16313?
1
What is the tens digit of 647?
4
What is the hundreds digit of 85770?
7
What is the thousands digit of 1261?
1
What is the thousands digit of 11422?
1
What is the tens digit of 1510?
1
What is the units digit of 1139?
9
What is the ten thousands digit of 31625?
3
What is the ten thousands digit of 14162?
1
What is the tens digit of 3861?
6
What is the thousands digit of 2541?
2
What is the thousands digit of 7369?
7
What is the tens digit of 63414?
1
What is the hundreds digit of 57279?
2
What is the tens digit of 1098?
9
What is the hundreds digit of 1011?
0
What is the ten thousands digit of 14766?
1
What is the thousands digit of 3443?
3
What is the units digit of 15371?
1
What is the tens digit of 110?
1
What is the ten thousands digit of 84651?
8
What is the hundreds digit of 48455?
4
What is the hundreds digit of 3577?
5
What is the ten thousands digit of 20716?
2
What is the thousands digit of 3642?
3
What is the ten thousands digit of 40876?
4
What is the hundreds digit of 8794?
7
What is the thousands digit of 4581?
4
What is the tens digit of 11818?
1
What is the tens digit of 5779?
7
What is the units digit of 8465?
5
What is the tens digit of 69008?
0
What is the units digit of 1887?
7
What is the hundreds digit of 1079?
0
What is the thousands digit of 10604?
0
What is the hundreds digit of 2951?
9
What is the hundreds digit of 6382?
3
What is the hundreds digit of 226?
2
What is the thousands digit of 3355?
3
What is the hundreds digit of 2467?
4
What is the units digit of 9705?
5
What is the hundreds digit of 4203?
2
What is the tens digit of 28665?
6
What is the hundreds digit of 36336?
3
What is the thousands digit of 6223?
6
What is the thousands digit of 1279?
1
What is the hundreds digit of 37952?
9
What is the hundreds digit of 364?
3
What is the thousands digit of 84366?
4
What is the thousands digit of 18373?
8
What is the units digit of 11051?
1
What is the units digit of 4176?
6
What is the thousands digit of 22506?
2
What is the hundreds digit of 32492?
4
What is the hundreds digit of 1547?
5
What is the units digit of 1342?
2
What is the thousands digit of 59560?
9
What is the hundreds digit of 44148?
1
What is the units digit of 1421?
1
What is the hundreds digit of 61423?
4
What is the ten thousands digit of 24508?
2
What is the hundreds digit of 10193?
1
What is the tens digit of 801?
0
What is the thousands digit of 15471?
5
What is the units digit of 100053?
3
What is the tens digit of 1115?
1
What is the thousands digit of 5428?
5
What is the thousands digit of 3960?
3
What is the ten thousands digit of 14481?
1
What is the units digit of 6335?
5
What is the units digit of 10401?
1
What is the tens digit of 6749?
4
What is the hundreds digit of 4621?
6
What is the hundreds digit of 33088?
0
What is the units digit of 718?
8
What is the units digit of 3363?
3
What is the hundreds digit of 4821?
8
What is the tens digit of 857?
5
What is the hundreds digit of 12531?
5
What is the hundreds digit of 367?
3
What is the thousands digit of 18289?
8
What is the tens digit of 109929?
2
What is the hundreds digit of 28697?
6
What is the units digit of 48212?
2
What is the tens digit of 3464?
6
What is the hundreds digit of 16397?
3
What is the ten thousands digit of 59470?
5
What is the hundreds digit of 250?
2
What is the thousands digit of 3000?
3
What is the units digit of 106?
6
What is the units digit of 1458?
8
What is the hundreds digit of 24078?
0
What is the hundreds digit of 26395?
3
What is the units digit of 19907?
7
What is the units digit of 576?
6
What is the units digit of 1217?
7
What is the thousands digit of 41461?
1
What is the units digit of 18107?
7
What is the thousands digit of 3551?
3
What is the units digit of 58348?
8
What is the units digit of 1197?
7
What is the tens digit of 73?
7
What is the tens digit of 132?
3
What is the tens digit of 641?
4
What is the thousands digit of 1035?
1
What is the tens digit of 2369?
6
What is the tens digit of 10719?
1
What is the thousands digit of 3186?
3
What is the thousands digit of 39417?
9
What is the tens digit of 203?
0
What is the units digit of 7945?
5
What is the tens digit of 2153?
5
What is the hundreds digit of 22615?
6
What is the units digit of 7606?
6
What is the tens digit of 3561?
6
What is the ten thousands digit of 30801?
3
What is the units digit of 73962?
2
What is the tens digit of 192884?
8
What is the units digit of 2376?
6
What is the thousands digit of 58361?
8
What is the tens digit of 1375?
7
What is the hundreds digit of 7428?
4
What is the tens digit of 14742?
4
What is the ten thousands digit of 21364?
2
What is the hundreds digit of 510?
5
What is the units digit of 8052?
2
What is the hundreds digit of 1505?
5
What is the thousands digit of 30680?
0
What is the hundreds digit of 1048?
0
What is the hundreds digit of 379?
3
What is the hundreds digit of 368?
3
What is the thousands digit of 24024?
4
What is the thousands digit of 15718?
5
What is the tens digit of 1927?
2
What is the units digit of 43651?
1
What is the hundreds digit of 36304?
3
What is the tens digit of 358?
5
What is the thousands digit of 25487?
5
What is the tens digit of 1725?
2
What is the hundreds digit of 36695?
6
What is the units digit of 1125?
5
What is the hundreds digit of 9732?
7
What is the tens digit of 11184?
8
What is the thousands digit of 137778?
7
What is the tens digit of 4224?
2
What is the units digit of 9520?
0
What is the units digit of 7580?
0
What is the units digit of 5?
5
What is the ten thousands digit of 76369?
7
What is the units digit of 9377?
7
What is the tens digit of 2667?
6
What is the ten thousands digit of 19729?
1
What is the thousands digit of 33306?
3
What is the ten thousands digit of 17071?
1
What is the tens digit of 65260?
6
What is the units digit of 426?
6
What is the thousands digit of 8646?
8
What is the tens digit of 16331?
3
What is the units digit of 164893?
3
What is the thousands digit of 3262?
3
What is the units digit of 9320?
0
What is the tens digit of 3290?
9
What is the tens digit of 389?
8
What is the thousands digit of 97235?
7
What is the ten thousands digit of 102170?
0
What is the thousands digit of 2333?
2
What is the thousands digit of 60819?
0
What is the tens digit of 454?
5
What is the ten thousands digit of 64123?
6
What is the hundreds digit of 2402?
4
What is the hundreds digit of 9320?
3
What is the tens digit of 6635?
3
What is the thousands digit of 5966?
5
What